{"id":39,"date":"2022-05-30T18:44:14","date_gmt":"2022-05-30T21:44:14","guid":{"rendered":"https:\/\/acervo.rotas.ufg.br\/centrocultural\/?page_id=39"},"modified":"2022-07-19T15:57:31","modified_gmt":"2022-07-19T18:57:31","slug":"institucional","status":"publish","type":"page","link":"https:\/\/acervo.rotas.ufg.br\/centrocultural\/institucional\/","title":{"rendered":"Institucional"},"content":{"rendered":"\t\t<div data-elementor-type=\"wp-page\" data-elementor-id=\"39\" class=\"elementor elementor-39\" data-elementor-post-type=\"page\">\n\t\t\t\t\t\t<section class=\"elementor-section elementor-top-section elementor-element elementor-element-010fe61 elementor-section-boxed elementor-section-height-default elementor-section-height-default\" data-id=\"010fe61\" data-element_type=\"section\">\n\t\t\t\t\t\t<div class=\"elementor-container elementor-column-gap-default\">\n\t\t\t\t\t<div class=\"elementor-column elementor-col-100 elementor-top-column elementor-element elementor-element-ca86786\" data-id=\"ca86786\" data-element_type=\"column\">\n\t\t\t<div class=\"elementor-widget-wrap elementor-element-populated\">\n\t\t\t\t\t\t<div class=\"elementor-element elementor-element-cd3125d elementor-widget elementor-widget-heading\" data-id=\"cd3125d\" data-element_type=\"widget\" data-widget_type=\"heading.default\">\n\t\t\t\t<div class=\"elementor-widget-container\">\n\t\t\t<style>\/*! elementor - v3.22.0 - 26-06-2024 *\/\n.elementor-heading-title{padding:0;margin:0;line-height:1}.elementor-widget-heading .elementor-heading-title[class*=elementor-size-]>a{color:inherit;font-size:inherit;line-height:inherit}.elementor-widget-heading .elementor-heading-title.elementor-size-small{font-size:15px}.elementor-widget-heading .elementor-heading-title.elementor-size-medium{font-size:19px}.elementor-widget-heading .elementor-heading-title.elementor-size-large{font-size:29px}.elementor-widget-heading .elementor-heading-title.elementor-size-xl{font-size:39px}.elementor-widget-heading .elementor-heading-title.elementor-size-xxl{font-size:59px}<\/style><h2 class=\"elementor-heading-title elementor-size-default\">Institucional<\/h2>\t\t<\/div>\n\t\t\t\t<\/div>\n\t\t\t\t\t<\/div>\n\t\t<\/div>\n\t\t\t\t\t<\/div>\n\t\t<\/section>\n\t\t\t\t<section class=\"elementor-section elementor-top-section elementor-element elementor-element-3ee59b4 elementor-section-boxed elementor-section-height-default elementor-section-height-default\" data-id=\"3ee59b4\" data-element_type=\"section\">\n\t\t\t\t\t\t<div class=\"elementor-container elementor-column-gap-default\">\n\t\t\t\t\t<div class=\"elementor-column elementor-col-100 elementor-top-column elementor-element elementor-element-7280989\" data-id=\"7280989\" data-element_type=\"column\">\n\t\t\t<div class=\"elementor-widget-wrap elementor-element-populated\">\n\t\t\t\t\t\t<div class=\"elementor-element elementor-element-eec6940 elementor-position-right elementor-vertical-align-middle elementor-widget elementor-widget-image-box\" data-id=\"eec6940\" data-element_type=\"widget\" data-widget_type=\"image-box.default\">\n\t\t\t\t<div class=\"elementor-widget-container\">\n\t\t\t<style>\/*! elementor - v3.22.0 - 26-06-2024 *\/\n.elementor-widget-image-box .elementor-image-box-content{width:100%}@media (min-width:768px){.elementor-widget-image-box.elementor-position-left .elementor-image-box-wrapper,.elementor-widget-image-box.elementor-position-right .elementor-image-box-wrapper{display:flex}.elementor-widget-image-box.elementor-position-right .elementor-image-box-wrapper{text-align:end;flex-direction:row-reverse}.elementor-widget-image-box.elementor-position-left .elementor-image-box-wrapper{text-align:start;flex-direction:row}.elementor-widget-image-box.elementor-position-top .elementor-image-box-img{margin:auto}.elementor-widget-image-box.elementor-vertical-align-top .elementor-image-box-wrapper{align-items:flex-start}.elementor-widget-image-box.elementor-vertical-align-middle .elementor-image-box-wrapper{align-items:center}.elementor-widget-image-box.elementor-vertical-align-bottom .elementor-image-box-wrapper{align-items:flex-end}}@media (max-width:767px){.elementor-widget-image-box .elementor-image-box-img{margin-left:auto!important;margin-right:auto!important;margin-bottom:15px}}.elementor-widget-image-box .elementor-image-box-img{display:inline-block}.elementor-widget-image-box .elementor-image-box-title a{color:inherit}.elementor-widget-image-box .elementor-image-box-wrapper{text-align:center}.elementor-widget-image-box .elementor-image-box-description{margin:0}<\/style><div class=\"elementor-image-box-wrapper\"><figure class=\"elementor-image-box-img\"><img decoding=\"async\" src=\"https:\/\/acervo.rotas.ufg.br\/centrocultural\/wp-content\/uploads\/sites\/11\/elementor\/thumbs\/WhatsApp-Image-2019-05-23-at-10.01.01-1-or3trp50wl9yj3q5sv3gtqjjtcxg1gw6fp4bv57xcw-ps01rwyarjntliz5jdsa8hsq3sux4j1iecmjqhvw30.jpeg\" title=\"WhatsApp-Image-2019-05-23-at-10.01.01-1-or3trp50wl9yj3q5sv3gtqjjtcxg1gw6fp4bv57xcw\" alt=\"WhatsApp-Image-2019-05-23-at-10.01.01-1-or3trp50wl9yj3q5sv3gtqjjtcxg1gw6fp4bv57xcw\" loading=\"lazy\" \/><\/figure><div class=\"elementor-image-box-content\"><p class=\"elementor-image-box-description\">O Centro Cultural UFG \u2013 CCUFG \u00e9 um \u00d3rg\u00e3o Suplementar da Regional Goi\u00e2nia da Universidade Federal de Goi\u00e1s \u2013 UFG, vinculado \u00e0 Pr\u00f3-Reitoria de Extens\u00e3o e Cultura \u2013 PROEC, e tem por finalidade prec\u00edpua reunir, documentar, conservar, expor, apresentar e divulgar atividades ligadas a diversas \u00e1reas art\u00edsticas: artes visuais, m\u00fasica, teatro, dan\u00e7a, literatura, audiovisual e performances, bem como, realizar outras atividades culturais e art\u00edsticas. Localizado na Campus Colemar Natal e Silva da UFG (Pra\u00e7a Universit\u00e1ria), o CCUFG foi criado a partir de uma grande reforma nas instala\u00e7\u00f5es f\u00edsicas do antigo Espa\u00e7o Cultural da UFG e reinaugurado com uma nova concep\u00e7\u00e3o de seu uso como aparelho cultural. O processo de transforma\u00e7\u00e3o do Espa\u00e7o Cultural da UFG em Centro Cultural UFG durou 5 anos e exigiu um grande investimento.<\/p><\/div><\/div>\t\t<\/div>\n\t\t\t\t<\/div>\n\t\t\t\t<div class=\"elementor-element elementor-element-42ee17a elementor-widget elementor-widget-text-editor\" data-id=\"42ee17a\" data-element_type=\"widget\" data-widget_type=\"text-editor.default\">\n\t\t\t\t<div class=\"elementor-widget-container\">\n\t\t\t<style>\/*! elementor - v3.22.0 - 26-06-2024 *\/\n.elementor-widget-text-editor.elementor-drop-cap-view-stacked .elementor-drop-cap{background-color:#69727d;color:#fff}.elementor-widget-text-editor.elementor-drop-cap-view-framed .elementor-drop-cap{color:#69727d;border:3px solid;background-color:transparent}.elementor-widget-text-editor:not(.elementor-drop-cap-view-default) .elementor-drop-cap{margin-top:8px}.elementor-widget-text-editor:not(.elementor-drop-cap-view-default) .elementor-drop-cap-letter{width:1em;height:1em}.elementor-widget-text-editor .elementor-drop-cap{float:left;text-align:center;line-height:1;font-size:50px}.elementor-widget-text-editor .elementor-drop-cap-letter{display:inline-block}<\/style>\t\t\t\t<p>O projeto arquitet\u00f4nico, assinado por Fernando Simon, possui caracter\u00edsticas minimalistas e sofisticadas que aliam plasticidade com funcionalidade. Estas caracter\u00edsticas arquitet\u00f4nicas acentuam o car\u00e1ter simb\u00f3lico do edif\u00edcio, sugerindo a ideia de um container utilizado para comportar a cria\u00e7\u00e3o art\u00edstica contempor\u00e2nea. Possui duas salas expositivas, reserva t\u00e9cnica do acervo, sala de a\u00e7\u00e3o educativa, sala modular de apresenta\u00e7\u00f5es art\u00edsticas (teatro) e laborat\u00f3rio pr\u00e1ticas art\u00edsticas, camarins, depend\u00eancias administrativas e p\u00e1tio multiuso. Sua programa\u00e7\u00e3o est\u00e1 dedicada a exibi\u00e7\u00f5es de artes visuais, teatro, dan\u00e7a, m\u00fasica, eventos liter\u00e1rios e a\u00e7\u00f5es educacionais em arte. O CCUFG tem equipes que se encarregam de programar, produzir, gerir e comunicar as atividades culturais. Em junho de 2016, essas \u00e1reas foram divididas em tr\u00eas n\u00facleos estruturantes: M\u00fasica e Artes C\u00eanicas, Artes Visuais, Interc\u00e2mbio e A\u00e7\u00f5es Educativas. O CCUFG foi inaugurado no dia 09 de dezembro de 2010, com a exposi\u00e7\u00e3o \u201cArte Contempor\u00e2nea \u2013 Acervo UFG\u201d, por ocasi\u00e3o das comemora\u00e7\u00f5es do cinquenten\u00e1rio da UFG, com curadoria assinada pelo primeiro Diretor e um dos idealizadores do CCUFG, o artista pl\u00e1stico Carlos Sena Passos. Ap\u00f3s oito anos desde sua inaugura\u00e7\u00e3o, o CCUFG mant\u00e9m uma programa\u00e7\u00e3o cultural intensa, que inclui exposi\u00e7\u00f5es, pe\u00e7as, shows, palestras, oficinas, a\u00e7\u00f5es educativas e visitas dialogadas, que visam atender \u00e0s demandas do p\u00fablico visitante.<\/p>\t\t\t\t\t\t<\/div>\n\t\t\t\t<\/div>\n\t\t\t\t\t<\/div>\n\t\t<\/div>\n\t\t\t\t\t<\/div>\n\t\t<\/section>\n\t\t\t\t<section class=\"elementor-section elementor-top-section elementor-element elementor-element-fd670ca elementor-section-boxed elementor-section-height-default elementor-section-height-default\" data-id=\"fd670ca\" data-element_type=\"section\">\n\t\t\t\t\t\t<div class=\"elementor-container elementor-column-gap-default\">\n\t\t\t\t\t<div class=\"elementor-column elementor-col-100 elementor-top-column elementor-element elementor-element-c56924a\" data-id=\"c56924a\" data-element_type=\"column\">\n\t\t\t<div class=\"elementor-widget-wrap elementor-element-populated\">\n\t\t\t\t\t\t<div class=\"elementor-element elementor-element-e85562f elementor-arrows-position-inside elementor-widget elementor-widget-image-carousel\" data-id=\"e85562f\" data-element_type=\"widget\" data-settings=\"{&quot;navigation&quot;:&quot;arrows&quot;,&quot;pause_on_hover&quot;:&quot;no&quot;,&quot;autoplay_speed&quot;:3000,&quot;autoplay&quot;:&quot;yes&quot;,&quot;pause_on_interaction&quot;:&quot;yes&quot;,&quot;infinite&quot;:&quot;yes&quot;,&quot;speed&quot;:500}\" data-widget_type=\"image-carousel.default\">\n\t\t\t\t<div class=\"elementor-widget-container\">\n\t\t\t<style>\/*! elementor - v3.22.0 - 26-06-2024 *\/\n.elementor-widget-image-carousel .swiper,.elementor-widget-image-carousel .swiper-container{position:static}.elementor-widget-image-carousel .swiper-container .swiper-slide figure,.elementor-widget-image-carousel .swiper .swiper-slide figure{line-height:inherit}.elementor-widget-image-carousel .swiper-slide{text-align:center}.elementor-image-carousel-wrapper:not(.swiper-container-initialized):not(.swiper-initialized) .swiper-slide{max-width:calc(100% \/ var(--e-image-carousel-slides-to-show, 3))}<\/style>\t\t<div class=\"elementor-image-carousel-wrapper swiper\" dir=\"ltr\">\n\t\t\t<div class=\"elementor-image-carousel swiper-wrapper\" aria-live=\"off\">\n\t\t\t\t\t\t\t\t<div class=\"swiper-slide\" role=\"group\" aria-roledescription=\"slide\" aria-label=\"1 de 6\"><figure class=\"swiper-slide-inner\"><img decoding=\"async\" class=\"swiper-slide-image\" src=\"https:\/\/acervo.rotas.ufg.br\/centrocultural\/wp-content\/uploads\/sites\/11\/2022\/07\/FOTO-BASE-oqku42c96pt0nhhwgclg6eatvojbvqeynf88g54ty8.jpg\" alt=\"FOTO-BASE-oqku42c96pt0nhhwgclg6eatvojbvqeynf88g54ty8\" \/><\/figure><\/div><div class=\"swiper-slide\" role=\"group\" aria-roledescription=\"slide\" aria-label=\"2 de 6\"><figure class=\"swiper-slide-inner\"><img decoding=\"async\" class=\"swiper-slide-image\" src=\"https:\/\/acervo.rotas.ufg.br\/centrocultural\/wp-content\/uploads\/sites\/11\/2022\/07\/WhatsApp-Image-2019-05-23-at-10.01.02-oqlbu6zsxnculaku86ngxd8c4ra1ibqt1vb5eqz1r4.jpeg\" alt=\"WhatsApp-Image-2019-05-23-at-10.01.02-oqlbu6zsxnculaku86ngxd8c4ra1ibqt1vb5eqz1r4\" \/><\/figure><\/div><div class=\"swiper-slide\" role=\"group\" aria-roledescription=\"slide\" aria-label=\"3 de 6\"><figure class=\"swiper-slide-inner\"><img decoding=\"async\" class=\"swiper-slide-image\" src=\"https:\/\/acervo.rotas.ufg.br\/centrocultural\/wp-content\/uploads\/sites\/11\/2022\/07\/WhatsApp-Image-2019-05-23-at-10.01.01-1-or3trp50wl9yj3q5sv3gtqjjtcxg1gw6fp4bv57xcw.jpeg\" alt=\"WhatsApp-Image-2019-05-23-at-10.01.01-1-or3trp50wl9yj3q5sv3gtqjjtcxg1gw6fp4bv57xcw\" \/><\/figure><\/div><div class=\"swiper-slide\" role=\"group\" aria-roledescription=\"slide\" aria-label=\"4 de 6\"><figure class=\"swiper-slide-inner\"><img decoding=\"async\" class=\"swiper-slide-image\" src=\"https:\/\/acervo.rotas.ufg.br\/centrocultural\/wp-content\/uploads\/sites\/11\/2022\/07\/DSC_0149-scaled-oz1ov7bz75sfnnkop620t0vvdwlq3fukyzx6f1kbs0.jpg\" alt=\"DSC_0149-scaled-oz1ov7bz75sfnnkop620t0vvdwlq3fukyzx6f1kbs0\" \/><\/figure><\/div><div class=\"swiper-slide\" role=\"group\" aria-roledescription=\"slide\" aria-label=\"5 de 6\"><figure class=\"swiper-slide-inner\"><img decoding=\"async\" class=\"swiper-slide-image\" src=\"https:\/\/acervo.rotas.ufg.br\/centrocultural\/wp-content\/uploads\/sites\/11\/2022\/07\/WhatsApp-Image-2019-05-23-at-10.02.184455445-oqlbx2e1tfae2eengfcfjn51h54f115a432k76pqqo.jpeg\" alt=\"WhatsApp-Image-2019-05-23-at-10.02.184455445-oqlbx2e1tfae2eengfcfjn51h54f115a432k76pqqo\" \/><\/figure><\/div><div class=\"swiper-slide\" role=\"group\" aria-roledescription=\"slide\" aria-label=\"6 de 6\"><figure class=\"swiper-slide-inner\"><img decoding=\"async\" class=\"swiper-slide-image\" src=\"https:\/\/acervo.rotas.ufg.br\/centrocultural\/wp-content\/uploads\/sites\/11\/2022\/07\/DSC_0387-scaled-oz1oxnot1l5dz00cd88ybel784i86zlcn58tj1xbj4.jpg\" alt=\"DSC_0387-scaled-oz1oxnot1l5dz00cd88ybel784i86zlcn58tj1xbj4\" \/><\/figure><\/div>\t\t\t<\/div>\n\t\t\t\t\t\t\t\t\t\t\t\t<div class=\"elementor-swiper-button elementor-swiper-button-prev\" role=\"button\" tabindex=\"0\">\n\t\t\t\t\t\t<i aria-hidden=\"true\" class=\"eicon-chevron-left\"><\/i>\t\t\t\t\t<\/div>\n\t\t\t\t\t<div class=\"elementor-swiper-button elementor-swiper-button-next\" role=\"button\" tabindex=\"0\">\n\t\t\t\t\t\t<i aria-hidden=\"true\" class=\"eicon-chevron-right\"><\/i>\t\t\t\t\t<\/div>\n\t\t\t\t\n\t\t\t\t\t\t\t\t\t<\/div>\n\t\t\t\t<\/div>\n\t\t\t\t<\/div>\n\t\t\t\t\t<\/div>\n\t\t<\/div>\n\t\t\t\t\t<\/div>\n\t\t<\/section>\n\t\t\t\t<section class=\"elementor-section elementor-top-section elementor-element elementor-element-1573814 elementor-section-boxed elementor-section-height-default elementor-section-height-default\" data-id=\"1573814\" data-element_type=\"section\">\n\t\t\t\t\t\t<div class=\"elementor-container elementor-column-gap-default\">\n\t\t\t\t\t<div class=\"elementor-column elementor-col-100 elementor-top-column elementor-element elementor-element-9c65c32\" data-id=\"9c65c32\" data-element_type=\"column\">\n\t\t\t<div class=\"elementor-widget-wrap elementor-element-populated\">\n\t\t\t\t\t\t<div class=\"elementor-element elementor-element-a77cbdb elementor-widget elementor-widget-spacer\" data-id=\"a77cbdb\" data-element_type=\"widget\" data-widget_type=\"spacer.default\">\n\t\t\t\t<div class=\"elementor-widget-container\">\n\t\t\t<style>\/*! elementor - v3.22.0 - 26-06-2024 *\/\n.elementor-column .elementor-spacer-inner{height:var(--spacer-size)}.e-con{--container-widget-width:100%}.e-con-inner>.elementor-widget-spacer,.e-con>.elementor-widget-spacer{width:var(--container-widget-width,var(--spacer-size));--align-self:var(--container-widget-align-self,initial);--flex-shrink:0}.e-con-inner>.elementor-widget-spacer>.elementor-widget-container,.e-con>.elementor-widget-spacer>.elementor-widget-container{height:100%;width:100%}.e-con-inner>.elementor-widget-spacer>.elementor-widget-container>.elementor-spacer,.e-con>.elementor-widget-spacer>.elementor-widget-container>.elementor-spacer{height:100%}.e-con-inner>.elementor-widget-spacer>.elementor-widget-container>.elementor-spacer>.elementor-spacer-inner,.e-con>.elementor-widget-spacer>.elementor-widget-container>.elementor-spacer>.elementor-spacer-inner{height:var(--container-widget-height,var(--spacer-size))}.e-con-inner>.elementor-widget-spacer.elementor-widget-empty,.e-con>.elementor-widget-spacer.elementor-widget-empty{position:relative;min-height:22px;min-width:22px}.e-con-inner>.elementor-widget-spacer.elementor-widget-empty .elementor-widget-empty-icon,.e-con>.elementor-widget-spacer.elementor-widget-empty .elementor-widget-empty-icon{position:absolute;top:0;bottom:0;left:0;right:0;margin:auto;padding:0;width:22px;height:22px}<\/style>\t\t<div class=\"elementor-spacer\">\n\t\t\t<div class=\"elementor-spacer-inner\"><\/div>\n\t\t<\/div>\n\t\t\t\t<\/div>\n\t\t\t\t<\/div>\n\t\t\t\t\t<\/div>\n\t\t<\/div>\n\t\t\t\t\t<\/div>\n\t\t<\/section>\n\t\t\t\t<\/div>\n\t\t","protected":false},"excerpt":{"rendered":"<p>Institucional O Centro Cultural UFG \u2013 CCUFG \u00e9 um \u00d3rg\u00e3o Suplementar da Regional Goi\u00e2nia da Universidade Federal de Goi\u00e1s \u2013 UFG, vinculado \u00e0 Pr\u00f3-Reitoria de Extens\u00e3o e Cultura \u2013 PROEC, e tem por finalidade prec\u00edpua reunir, documentar, conservar, expor, apresentar e divulgar atividades ligadas a diversas \u00e1reas art\u00edsticas: artes visuais, m\u00fasica, teatro, dan\u00e7a, literatura, audiovisual [&hellip;]<\/p>\n","protected":false},"author":1,"featured_media":0,"parent":0,"menu_order":0,"comment_status":"closed","ping_status":"closed","template":"elementor_header_footer","meta":{"footnotes":""},"_links":{"self":[{"href":"https:\/\/acervo.rotas.ufg.br\/centrocultural\/wp-json\/wp\/v2\/pages\/39"}],"collection":[{"href":"https:\/\/acervo.rotas.ufg.br\/centrocultural\/wp-json\/wp\/v2\/pages"}],"about":[{"href":"https:\/\/acervo.rotas.ufg.br\/centrocultural\/wp-json\/wp\/v2\/types\/page"}],"author":[{"embeddable":true,"href":"https:\/\/acervo.rotas.ufg.br\/centrocultural\/wp-json\/wp\/v2\/users\/1"}],"replies":[{"embeddable":true,"href":"https:\/\/acervo.rotas.ufg.br\/centrocultural\/wp-json\/wp\/v2\/comments?post=39"}],"version-history":[{"count":55,"href":"https:\/\/acervo.rotas.ufg.br\/centrocultural\/wp-json\/wp\/v2\/pages\/39\/revisions"}],"predecessor-version":[{"id":5795,"href":"https:\/\/acervo.rotas.ufg.br\/centrocultural\/wp-json\/wp\/v2\/pages\/39\/revisions\/5795"}],"wp:attachment":[{"href":"https:\/\/acervo.rotas.ufg.br\/centrocultural\/wp-json\/wp\/v2\/media?parent=39"}],"curies":[{"name":"wp","href":"https:\/\/api.w.org\/{rel}","templated":true}]}}