{"id":1569,"date":"2022-07-11T10:39:02","date_gmt":"2022-07-11T13:39:02","guid":{"rendered":"https:\/\/acervo.rotas.ufg.br\/revistas\/?post_type=tnc_col_443_item&#038;p=1569"},"modified":"2022-07-16T14:26:31","modified_gmt":"2022-07-16T17:26:31","slug":"revista-de-teoria-da-historia-rth-2","status":"publish","type":"tnc_col_443_item","link":"https:\/\/acervo.rotas.ufg.br\/revistas\/periodicos\/revista-de-teoria-da-historia-rth-2\/","title":{"rendered":"Revista de Teoria da Hist\u00f3ria | rth"},"content":{"rendered":"<p>O peri\u00f3dico eletr\u00f4nico Revista de Teoria da Hist\u00f3ria [rth] [ISSN 2175- 5892], criado em 2009, \u00e9 uma publica\u00e7\u00e3o oficial vinculada \u00e0 Faculdade de Hist\u00f3ria e ao Programa de P\u00f3s-Gradua\u00e7\u00e3o em Hist\u00f3ria da Universidade Federal de Goi\u00e1s [UFG]. A [rth] tamb\u00e9m \u00e9 associada \u00e0 Sociedade Brasileira de Teoria da Hist\u00f3ria e Hist\u00f3ria da Historiografia [SBTHH] e \u00e0 International Network for Theory of History [INTH]. No ano de 2013, a [rth] foi classificada com o estrato B2 pelo portal Webqualis.<\/p>\n<p>Preocupada com as quest\u00f5es pr\u00f3prias da Teoria da Hist\u00f3ria, a Revista objetiva a produ\u00e7\u00e3o de mais um foro para o debate cient\u00edfico como local de discuss\u00e3o de temas atuais que fomentem a reflex\u00e3o sobre o que fazem os historiadores quando fazem hist\u00f3ria hoje.<\/p>\n","protected":false},"featured_media":1598,"parent":0,"menu_order":0,"comment_status":"closed","ping_status":"closed","template":"","format":"standard","_links":{"self":[{"href":"https:\/\/acervo.rotas.ufg.br\/revistas\/wp-json\/wp\/v2\/tnc_col_443_item\/1569"}],"collection":[{"href":"https:\/\/acervo.rotas.ufg.br\/revistas\/wp-json\/wp\/v2\/tnc_col_443_item"}],"about":[{"href":"https:\/\/acervo.rotas.ufg.br\/revistas\/wp-json\/wp\/v2\/types\/tnc_col_443_item"}],"replies":[{"embeddable":true,"href":"https:\/\/acervo.rotas.ufg.br\/revistas\/wp-json\/wp\/v2\/comments?post=1569"}],"version-history":[{"count":1,"href":"https:\/\/acervo.rotas.ufg.br\/revistas\/wp-json\/wp\/v2\/tnc_col_443_item\/1569\/revisions"}],"predecessor-version":[{"id":1600,"href":"https:\/\/acervo.rotas.ufg.br\/revistas\/wp-json\/wp\/v2\/tnc_col_443_item\/1569\/revisions\/1600"}],"wp:featuredmedia":[{"embeddable":true,"href":"https:\/\/acervo.rotas.ufg.br\/revistas\/wp-json\/wp\/v2\/media\/1598"}],"wp:attachment":[{"href":"https:\/\/acervo.rotas.ufg.br\/revistas\/wp-json\/wp\/v2\/media?parent=1569"}],"curies":[{"name":"wp","href":"https:\/\/api.w.org\/{rel}","templated":true}]}}

Revista de Teoria da História | rth

<p>O periódico eletrônico Revista de Teoria da História [rth] [ISSN 2175- 5892], criado em 2009, é uma publicação oficial vinculada à Faculdade de História e ao Programa de Pós-Graduação em História da Universidade Federal de Goiás [UFG]. A [rth] também é associada à Sociedade Brasileira de Teoria da História e História da Historiografia [SBTHH] e à International Network for Theory of History [INTH]. No ano de 2013, a [rth] foi classificada com o estrato B2 pelo portal Webqualis.</p>
<p>Preocupada com as questões próprias da Teoria da História, a Revista objetiva a produção de mais um foro para o debate científico como local de discussão de temas atuais que fomentem a reflexão sobre o que fazem os historiadores quando fazem história hoje.</p>
