{"id":876,"date":"2022-07-11T09:26:32","date_gmt":"2022-07-11T12:26:32","guid":{"rendered":"https:\/\/acervo.rotas.ufg.br\/revistas\/?post_type=tnc_col_443_item&#038;p=876"},"modified":"2022-07-16T14:17:19","modified_gmt":"2022-07-16T17:17:19","slug":"articulando-e-construindo-saberes","status":"publish","type":"tnc_col_443_item","link":"https:\/\/acervo.rotas.ufg.br\/revistas\/periodicos\/articulando-e-construindo-saberes\/","title":{"rendered":"Articulando e Construindo Saberes"},"content":{"rendered":"<p>A revista Articulando e Construindo Saberes tem como proposta a publica\u00e7\u00e3o de trabalhos que promovam a articula\u00e7\u00e3o e constru\u00e7\u00e3o de saberes, em uma perspectiva decolonial, abordando tem\u00e1ticas transdisciplinares e interculturais de valoriza\u00e7\u00e3o e fortalecimento das epistemologias subalternizadas, de vitalidade das l\u00ednguas ind\u00edgenas, e de retomada dos saberes ind\u00edgenas milenares.<\/p>\n","protected":false},"featured_media":915,"parent":0,"menu_order":0,"comment_status":"closed","ping_status":"closed","template":"","format":"standard","_links":{"self":[{"href":"https:\/\/acervo.rotas.ufg.br\/revistas\/wp-json\/wp\/v2\/tnc_col_443_item\/876"}],"collection":[{"href":"https:\/\/acervo.rotas.ufg.br\/revistas\/wp-json\/wp\/v2\/tnc_col_443_item"}],"about":[{"href":"https:\/\/acervo.rotas.ufg.br\/revistas\/wp-json\/wp\/v2\/types\/tnc_col_443_item"}],"replies":[{"embeddable":true,"href":"https:\/\/acervo.rotas.ufg.br\/revistas\/wp-json\/wp\/v2\/comments?post=876"}],"version-history":[{"count":1,"href":"https:\/\/acervo.rotas.ufg.br\/revistas\/wp-json\/wp\/v2\/tnc_col_443_item\/876\/revisions"}],"predecessor-version":[{"id":918,"href":"https:\/\/acervo.rotas.ufg.br\/revistas\/wp-json\/wp\/v2\/tnc_col_443_item\/876\/revisions\/918"}],"wp:featuredmedia":[{"embeddable":true,"href":"https:\/\/acervo.rotas.ufg.br\/revistas\/wp-json\/wp\/v2\/media\/915"}],"wp:attachment":[{"href":"https:\/\/acervo.rotas.ufg.br\/revistas\/wp-json\/wp\/v2\/media?parent=876"}],"curies":[{"name":"wp","href":"https:\/\/api.w.org\/{rel}","templated":true}]}}

<p>A revista Articulando e Construindo Saberes tem como proposta a publicação de trabalhos que promovam a articulação e construção de saberes, em uma perspectiva decolonial, abordando temáticas transdisciplinares e interculturais de valorização e fortalecimento das epistemologias subalternizadas, de vitalidade das línguas indígenas, e de retomada dos saberes indígenas milenares.</p>
