{"id":916,"date":"2022-07-11T09:29:08","date_gmt":"2022-07-11T12:29:08","guid":{"rendered":"https:\/\/acervo.rotas.ufg.br\/revistas\/?post_type=tnc_col_443_item&#038;p=916"},"modified":"2022-07-16T14:21:46","modified_gmt":"2022-07-16T17:21:46","slug":"latin-american-human-rights-studies-2","status":"publish","type":"tnc_col_443_item","link":"https:\/\/acervo.rotas.ufg.br\/revistas\/periodicos\/latin-american-human-rights-studies-2\/","title":{"rendered":"Latin American Human Rights Studies"},"content":{"rendered":"<p>Latin American Human Rights Studies \u00e9 uma revista cient\u00edfica de acesso aberto, online e anual, publicada pelo Programa de P\u00f3s-Gradua\u00e7\u00e3o Interdisciplinar em Direitos Humanos (PPGIDH) da Universidade Federal de Goi\u00e1s (UFG). A revista promove a dissemina\u00e7\u00e3o de resultados de pesquisa interdisciplinar em direitos humanos atrav\u00e9s do sistema de dupla avalia\u00e7\u00e3o cega, conforme padr\u00f5es internacionais de editora\u00e7\u00e3o cient\u00edfica.<\/p>\n","protected":false},"featured_media":974,"parent":0,"menu_order":0,"comment_status":"closed","ping_status":"closed","template":"","format":"standard","_links":{"self":[{"href":"https:\/\/acervo.rotas.ufg.br\/revistas\/wp-json\/wp\/v2\/tnc_col_443_item\/916"}],"collection":[{"href":"https:\/\/acervo.rotas.ufg.br\/revistas\/wp-json\/wp\/v2\/tnc_col_443_item"}],"about":[{"href":"https:\/\/acervo.rotas.ufg.br\/revistas\/wp-json\/wp\/v2\/types\/tnc_col_443_item"}],"replies":[{"embeddable":true,"href":"https:\/\/acervo.rotas.ufg.br\/revistas\/wp-json\/wp\/v2\/comments?post=916"}],"version-history":[{"count":1,"href":"https:\/\/acervo.rotas.ufg.br\/revistas\/wp-json\/wp\/v2\/tnc_col_443_item\/916\/revisions"}],"predecessor-version":[{"id":976,"href":"https:\/\/acervo.rotas.ufg.br\/revistas\/wp-json\/wp\/v2\/tnc_col_443_item\/916\/revisions\/976"}],"wp:featuredmedia":[{"embeddable":true,"href":"https:\/\/acervo.rotas.ufg.br\/revistas\/wp-json\/wp\/v2\/media\/974"}],"wp:attachment":[{"href":"https:\/\/acervo.rotas.ufg.br\/revistas\/wp-json\/wp\/v2\/media?parent=916"}],"curies":[{"name":"wp","href":"https:\/\/api.w.org\/{rel}","templated":true}]}}

<p>Latin American Human Rights Studies é uma revista científica de acesso aberto, online e anual, publicada pelo Programa de Pós-Graduação Interdisciplinar em Direitos Humanos (PPGIDH) da Universidade Federal de Goiás (UFG). A revista promove a disseminação de resultados de pesquisa interdisciplinar em direitos humanos através do sistema de dupla avaliação cega, conforme padrões internacionais de editoração científica.</p>
