{"id":920,"date":"2022-07-11T09:29:13","date_gmt":"2022-07-11T12:29:13","guid":{"rendered":"https:\/\/acervo.rotas.ufg.br\/revistas\/?post_type=tnc_col_443_item&#038;p=920"},"modified":"2022-07-16T14:22:56","modified_gmt":"2022-07-16T17:22:56","slug":"atelie-geografico-2","status":"publish","type":"tnc_col_443_item","link":"https:\/\/acervo.rotas.ufg.br\/revistas\/periodicos\/atelie-geografico-2\/","title":{"rendered":"Ateli\u00ea Geogr\u00e1fico"},"content":{"rendered":"<p>A revista Ateli\u00ea Geogr\u00e1fico publica no campo de Geografia e ci\u00eancias conexas, tais como Hist\u00f3ria, Educa\u00e7\u00e3o, Ci\u00eancias Ambientais, Geoci\u00eancias, Antropologia, Sociologia, Turismo e Planejamento Urbano e Regional, mas n\u00e3o se limitando a elas.<\/p>\n","protected":false},"featured_media":946,"parent":0,"menu_order":0,"comment_status":"closed","ping_status":"closed","template":"","format":"standard","_links":{"self":[{"href":"https:\/\/acervo.rotas.ufg.br\/revistas\/wp-json\/wp\/v2\/tnc_col_443_item\/920"}],"collection":[{"href":"https:\/\/acervo.rotas.ufg.br\/revistas\/wp-json\/wp\/v2\/tnc_col_443_item"}],"about":[{"href":"https:\/\/acervo.rotas.ufg.br\/revistas\/wp-json\/wp\/v2\/types\/tnc_col_443_item"}],"replies":[{"embeddable":true,"href":"https:\/\/acervo.rotas.ufg.br\/revistas\/wp-json\/wp\/v2\/comments?post=920"}],"version-history":[{"count":1,"href":"https:\/\/acervo.rotas.ufg.br\/revistas\/wp-json\/wp\/v2\/tnc_col_443_item\/920\/revisions"}],"predecessor-version":[{"id":947,"href":"https:\/\/acervo.rotas.ufg.br\/revistas\/wp-json\/wp\/v2\/tnc_col_443_item\/920\/revisions\/947"}],"wp:featuredmedia":[{"embeddable":true,"href":"https:\/\/acervo.rotas.ufg.br\/revistas\/wp-json\/wp\/v2\/media\/946"}],"wp:attachment":[{"href":"https:\/\/acervo.rotas.ufg.br\/revistas\/wp-json\/wp\/v2\/media?parent=920"}],"curies":[{"name":"wp","href":"https:\/\/api.w.org\/{rel}","templated":true}]}}

Ateliê Geográfico

<p>A revista Ateliê Geográfico publica no campo de Geografia e ciências conexas, tais como História, Educação, Ciências Ambientais, Geociências, Antropologia, Sociologia, Turismo e Planejamento Urbano e Regional, mas não se limitando a elas.</p>
